q = d - b. List the prime factors of q.
2, 13
Suppose -4*g = -11 - 9, 4*p - 3*g + 55 = 0. Suppose -102*m - 72 = -104*m. Let f = m + p. What are the prime factors of f?
2, 13
Let h be -1*-15*(5 - 4). Suppose h*w = 2111 + 634. What are the prime factors of w?
3, 61
Let f(i) = -3*i - 15. Let y be f(-6). Suppose h = y*h - 4. What are the prime factors of 50*(h - (-6)/(-4))?
5
Suppose -4*h = 16, k + h = 5*h + 24. List the prime factors of (-2 - (-20)/k)/(1/8).
2
Let z = -765 + 1835. List the prime factors of z.
2, 5, 107
Let l be -16*(-4 + 732/32)*-2. Suppose l = 5*c + 194. What are the prime factors of c?
2, 41
Let s be 1476/24 - 1/2. Suppose -2*g - 5 = -s. List the prime factors of g.
2, 7
Let n(m) = 949*m**3 + 5*m**2. What are the prime factors of n(1)?
2, 3, 53
Let g(n) = 2*n - 2. Let v(z) = z. Let w(l) = g(l) - 6*v(l). Let f be 9/(-4) + (-66)/88. What are the prime factors of w(f)?
2, 5
Let g(l) = -l + 2. Let z be g(-4). Let r(o) = 6*o + 38. Let x be r(-6). Let m = x + z. What are the prime factors of m?
2
Let u(g) = 2*g + 7. Let k = 4 + 2. Let r be k*(-4)/(-8) + 3. List the prime factors of u(r).
19
Let w(l) = 4*l**2 - 6*l - 31. Let k = -89 + 84. What are the prime factors of w(k)?
3, 11
Let w be 2/(-1) - 54/(-2). Suppose -2*x - 2*t = -0*t - 2, 3*t + 3 = 0. Let h = x + w. What are the prime factors of h?
3
Let b be 13/((-65)/(-180)) - 1. Suppose -j - 3*p + b = -0*j, 0 = 2*j - 4*p - 20. List the prime factors of j.
2, 5
Suppose 5 = 7*y - 9. Let h = y - -7. What are the prime factors of h?
3
Let i(q) = -q**3 - 9*q**2 - 4*q - 8. Let w(m) = -m. Let u(d) = -i(d) - 6*w(d). List the prime factors of u(-7).
2, 3
Let j = -11 + 15. Suppose 8 = j*x - 52. Let n = x - -21. List the prime factors of n.
2, 3
Let d(q) = q**3 + 3*q**2 - 3*q + 1. Let s be d(-3). Suppose 0 = -3*a - 9, -s = -2*y + 4*a + 44. List the prime factors of y + -2*(-2 + 3).
19
Suppose -5*h = 12*h - 4063. What are the prime factors of h?
239
Let s(c) = 134*c - 34. List the prime factors of s(11).
2, 3, 5
Suppose -8 = -18*n + 16*n. Suppose -75 = n*y + 57. Let f = -17 - y. List the prime factors of f.
2
Let r = 1683 - 650. Suppose 227 = 9*a - r. List the prime factors of a.
2, 5, 7
Let g(r) = -2*r + 11. Let c be g(4). List the prime factors of (-4 - 2) + c + 91.
2, 11
Let z = 2652 + -29. What are the prime factors of z?
43, 61
Let j(x) = x**2 + 7*x + 9. Let n be j(-6). Let p be (-8)/((-116)/(-40) - n). Suppose 7*q = 3*q + p. List the prime factors of q.
2, 5
Let m(d) = -5*d + 43. Let b be m(8). Suppose 2*j - b*l - 306 = -j, -4*l = -3*j + 308. List the prime factors of j.
2, 5
List the prime factors of (115/10 - 4)*134.
3, 5, 67
Suppose h + 0 = 2*k + 5, -h - 4*k - 13 = 0. What are the prime factors of (-2)/36*-6*(h + 286)?
5, 19
Let g be 4/6 - (-26)/(-6)*-1. Suppose -g*b + 3*k + 366 = 0, -2*b + 74 = -b - k. What are the prime factors of b?
2, 3
Let k be (4/8)/(1/2). Let x = k - 3. Let r(i) = 6*i**2 + i - 1. What are the prime factors of r(x)?
3, 7
Let f(d) = d + 1. Let c be f(1). Suppose c*s - 6 - 2 = 0. Suppose -7*j + s*j = -60. List the prime factors of j.
2, 5
Suppose 0 = 4*x + 2 + 2. Let g be -4 + 2 - (x + -4). What are the prime factors of g*(-4)/12*-13?
13
Let o be (12/(-21))/((-2)/14). Suppose 0*t - 5*t - 55 = -5*g, 4*g - 84 = -o*t. What are the prime factors of g?
2
Let f(l) be the second derivative of l**5/20 + 3*l**4/4 - 4*l**3/3 - 5*l**2/2 + l. What are the prime factors of f(-9)?
67
Let d = 89 + -81. What are the prime factors of 1 + d + -7 - (-164 - -1)?
3, 5, 11
List the prime factors of 3441 - (-25)/((-25)/(-2)).
11, 313
Let i = -26 - -11. List the prime factors of (-20)/150 - 1112/i.
2, 37
Let d(j) = j**2 - 4*j - 10. Let f be d(5). Let z(t) = 8*t**2 - 7*t - 11. What are the prime factors of z(f)?
2, 7
Let f(k) = 13*k**2 - 7*k - 6. Let m(l) = -l**2 + 14*l - 4. Let y be m(14). What are the prime factors of f(y)?
2, 5, 23
Let j(n) = n**3 - 7*n**2 + 5*n. Let v be j(4). Let a be 35/(-14)*v/10. List the prime factors of a/21 + 32/3.
11
Let g(c) = -10*c + 17. Let p be g(-5). Let a = p - 22. List the prime factors of a.
3, 5
Suppose 0 = 5*c + 2*c. Suppose -11*b + 10*b + 15 = c. What are the prime factors of b?
3, 5
Suppose 15 = 3*v - 12. Let d(z) = -5*z**2 + 3*z**2 - 3 + 2 + v*z**2 - 3*z. List the prime factors of d(-2).
3, 11
Let q(b) = 23*b - 5. Let t be q(3). Suppose -t = -4*s - 12. Let w(o) = o**2 - 11*o - 8. List the prime factors of w(s).
2, 3
Suppose 2*h - 2*w - 6 = 0, 0 = 2*h + 2*w - 2. Suppose 2*g - h*z = 70, -4*g + 102 = 2*z - 68. What are the prime factors of g?
2, 5
Suppose 17*j + 15134 = 121061. What are the prime factors of j?
3, 31, 67
Suppose 0 = 6*g - 4207 + 307. List the prime factors of g.
2, 5, 13
Let s be 2 - 2*(-2 - -13). Let l(y) = -y**3 - 24*y**2 + 24*y - 38. Let v be l(-25). Let j = v - s. What are the prime factors of j?
7
Suppose -4*z - 80 = -4*o, -5*z = 2*o + 2*o - 116. Suppose s - o = -5*l + 53, 3*s - 245 = -l. Suppose -4*m = -102 - s. List the prime factors of m.
2, 23
Let o be -13 + 22 - (-2 - 1). Let p(r) = -6*r + o*r + r - 7. List the prime factors of p(7).
2, 3, 7
Suppose -2*k = -4*d + 16, -k - 26 = -4*d - 4*k. Suppose 4*c - d*c = 0. Suppose 5*u + 14 = w - c*u, 0 = u. What are the prime factors of w?
2, 7
Let a = 2467 + -948. What are the prime factors of a?
7, 31
Let y be (-11)/((-198)/12) - 10/(-3). Suppose -y*n = 3*n - 588. What are the prime factors of n?
2, 3, 7
List the prime factors of (12/9)/(34/15759).
2, 3, 103
Let r = -768 + 1094. List the prime factors of r.
2, 163
Let n(u) = u**2 + 2*u + 5. Let x be n(0). List the prime factors of x/((-75)/24)*225/(-2).
2, 3, 5
Let n(y) = -y**3 - 11*y**2 - 13*y + 57. List the prime factors of n(-15).
2, 3
Let j(c) be the first derivative of c**3/3 + 9*c**2/2 - 9*c - 8. Let i be j(-10). List the prime factors of 546/8 + i/(-4).
2, 17
Suppose 2*a = 5*b - 55 + 6, a = -b + 7. List the prime factors of b*(3 - (-200)/15).
3, 7
Let u(o) = 252*o**2 - 9*o + 9. Let a be u(2). Suppose -6*c - 3*c = -a. What are the prime factors of c?
3, 37
Suppose l - 14 = -3*f - 0*f, 0 = -2*f - l + 11. List the prime factors of 11/(165/1370)*f.
2, 137
Let f = 44 + -41. Let z(j) = 12*j**2 + 1. List the prime factors of z(f).
109
Let t(p) = p**2 - 4*p + 4. Let y be t(4). What are the prime factors of (y/1 + -6)*-11?
2, 11
Let o(i) = -34*i - 30. Let c be o(-5). Let s be (-1)/(-4) + (-42)/8. What are the prime factors of (1/(-2))/(s/c)?
2, 7
Let a(s) = s**2 + 7*s + 4. Let d be a(-7). List the prime factors of (d - 3) + 14 + 0.
3, 5
Let a(x) = 29*x**2 + 6*x + 33. What are the prime factors of a(-6)?
3, 347
Suppose 5*o + 3*h - 60 = 0, 4*o - 65 = -o - 4*h. What are the prime factors of o?
3
Suppose -z = -3 + 2. Let k = 50 - z. List the prime factors of k.
7
Let d = 5788 - 3324. List the prime factors of d.
2, 7, 11
Let h(p) = 3*p**2 + 3*p + 5. Suppose -n + 10 = n - 2*c, 5*n + 3*c = 41. What are the prime factors of h(n)?
173
Let r = -15 + 18. Let m(j) = r*j + 28*j - 1 - 9*j. What are the prime factors of m(1)?
3, 7
Suppose 2*y = y + 3. Suppose -5*i = -4*g - 349, 4*i - 272 = -y*g - g. What are the prime factors of i?
3, 23
Let f(n) = -13. Let b be (30/10)/(0 - 1). Let o(z) = z - 12. Let a(v) = b*o(v) + 4*f(v). What are the prime factors of a(-8)?
2
Let f(t) = -t**3 - 6*t**2 - 9*t + 9. Let z = -30 + 25. List the prime factors of f(z).
29
Suppose -6471 = -5*c + 2179. List the prime factors of c.
2, 5, 173
Let h be (-33)/(3 + (-68)/24). Let t = h + 288. List the prime factors of t.
2, 3, 5
Suppose 0 = -2*a - 6 + 10. Let d be (-92)/6*(-7 - -4). What are the prime factors of d/1*(-1 + a)?
2, 23
Let a(x) = -19*x - 735. List the prime factors of a(-77).
2, 7, 13
Let f be (-4)/(-10) + (-152)/(-20). Suppose -5*m = 5*o - 110, -2*m + 38 = f*o - 3*o. What are the prime factors of m?
2, 3
Let y(l) = -2*l + 17. Let x be y(7). Let a(s) = -2*s**2 - s - 1 + 5*s**2 + x - 4. List the prime factors of a(2).
2
Suppose 59 = -5*r - 51. Let p = 40 + r. List the prime factors of p.
2, 3
Let v(i) = -i**3 + 10*i**2 - 7*i - 11. Let w be v(6). Suppose 0 = -24*r + 25*r - w. What are the prime factors of r?
7, 13
Suppose -11*w = -5*w - 552. What are the prime factors of w?
2, 23
Suppose -3*x + 0*x = -12. Suppose x*k = -5*a + 124, -5*k = 5*a - 93 - 27. What are th